{"id":91,"date":"2025-07-13T11:31:50","date_gmt":"2025-07-13T11:31:50","guid":{"rendered":"https:\/\/www.tribuene-neustadt.de\/?page_id=91"},"modified":"2026-02-07T09:20:21","modified_gmt":"2026-02-07T09:20:21","slug":"startseite","status":"publish","type":"page","link":"https:\/\/www.tribuene-neustadt.de\/","title":{"rendered":"Startseite"},"content":{"rendered":"\t\t<div data-elementor-type=\"wp-page\" data-elementor-id=\"91\" class=\"elementor elementor-91\" data-elementor-post-type=\"page\">\n\t\t\t\t<div class=\"elementor-element elementor-element-32628de e-flex e-con-boxed e-con e-parent\" data-id=\"32628de\" data-element_type=\"container\" data-e-type=\"container\">\n\t\t\t\t\t<div class=\"e-con-inner\">\n\t\t<div class=\"elementor-element elementor-element-0578bb3 e-con-full e-flex e-con e-child\" data-id=\"0578bb3\" data-element_type=\"container\" data-e-type=\"container\">\n\t\t\t\t<\/div>\n\t\t<div class=\"elementor-element elementor-element-d3260bc e-con-full e-flex e-con e-child\" data-id=\"d3260bc\" data-element_type=\"container\" data-e-type=\"container\">\n\t\t\t\t<div class=\"elementor-element elementor-element-b2930b9 elementor-widget-divider--view-line elementor-widget elementor-widget-divider\" data-id=\"b2930b9\" data-element_type=\"widget\" data-e-type=\"widget\" data-widget_type=\"divider.default\">\n\t\t\t\t\t\t\t<div class=\"elementor-divider\">\n\t\t\t<span class=\"elementor-divider-separator\">\n\t\t\t\t\t\t<\/span>\n\t\t<\/div>\n\t\t\t\t\t\t<\/div>\n\t\t\t\t<div class=\"elementor-element elementor-element-d805877 elementor-widget elementor-widget-shortcode\" data-id=\"d805877\" data-element_type=\"widget\" data-e-type=\"widget\" data-widget_type=\"shortcode.default\">\n\t\t\t\t\t\t\t<div class=\"elementor-shortcode\"><script id=\"usercentrics-cmp\" async data-eu-mode=\"true\" data-settings-id=\"6OitTZhUfrqoL5\" src=\"https:\/\/app.eu.usercentrics.eu\/browser-ui\/latest\/loader.js\"><\/script><\/div>\n\t\t\t\t\t\t<\/div>\n\t\t\t\t<div class=\"elementor-element elementor-element-a62acf1 elementor-widget elementor-widget-heading\" data-id=\"a62acf1\" data-element_type=\"widget\" data-e-type=\"widget\" data-widget_type=\"heading.default\">\n\t\t\t\t\t<h2 class=\"elementor-heading-title elementor-size-default\">Trib\u00fcne Neustadt     <\/h2>\t\t\t\t<\/div>\n\t\t\t\t<div class=\"elementor-element elementor-element-d4e8188 elementor-widget elementor-widget-text-editor\" data-id=\"d4e8188\" data-element_type=\"widget\" data-e-type=\"widget\" data-widget_type=\"text-editor.default\">\n\t\t\t\t\t\t\t\t\t<h1 class=\"western\" style=\"text-align: left;\">Das Vereinsheim des eingetragen Vereins &#8222;Demokratische Trib\u00fcne e.V.&#8220; ist ein Veranstaltungsort der besonderen Art!<\/h1><p style=\"text-align: left;\">Es ist ein uriger Weinkeller gebaut im Jahr 1832 mit frei tragendem Gew\u00f6lbe mitten in Neustadt an der Weinstra\u00dfe. Nachdem verschiedene Gastst\u00e4tten darin residiert hatten, stand der Keller mehrere Jahre leer, bis er von den Gr\u00fcndern unseres Vereins im Jahr 2023 entdeckt und wieder zum Leben erweckt wurde.\u00a0<\/p><p style=\"text-align: left;\">Hier finden Vortr\u00e4ge, Symposien, Theaterst\u00fccke und Konzerte im Sinne des Vereinszwecks der Demokratischen Trib\u00fcne e.V. statt. Vereinziel ist die Dokumentation und Aufkl\u00e4rung \u00fcber das Entstehen und die Entwicklung der deutschen Demokratie von der Vergangenheit bis in die Gegenwart, sowie die Vermittlung demokratischer Grunds\u00e4tze und Weiterentwicklung demokratischer Strukturen.<\/p><p style=\"text-align: left;\">Dar\u00fcber hinaus k\u00f6nnen Vereinsmitglieder und Freunde die Trib\u00fcne auch f\u00fcr eigene Veranstaltungen, z.B. Geburtstage, Hochzeiten, Musikabende, Yoga oder oder auch f\u00fcr Vortr\u00e4ge und Diskussionen nutzen bzw. mieten.<\/p><p style=\"text-align: left;\"><strong>Die Trib\u00fcne Neustadt bietet eine B\u00fchne f\u00fcr <\/strong><strong>Kultur, <\/strong><strong>Demokratie <\/strong><strong>und <\/strong><strong>Geschichte und ist seit Anfang 2024 ein Ort der Begegnung und Bildung.<\/strong><\/p><p style=\"text-align: left;\"><img fetchpriority=\"high\" decoding=\"async\" class=\"alignright wp-image-163\" src=\"https:\/\/www.tribuene-neustadt.de\/wp-content\/uploads\/2025\/07\/photo_2025-07-24_18-46-00-300x300.jpg\" alt=\"\" width=\"650\" height=\"650\" srcset=\"https:\/\/www.tribuene-neustadt.de\/wp-content\/uploads\/2025\/07\/photo_2025-07-24_18-46-00-300x300.jpg 300w, https:\/\/www.tribuene-neustadt.de\/wp-content\/uploads\/2025\/07\/photo_2025-07-24_18-46-00-1024x1024.jpg 1024w, https:\/\/www.tribuene-neustadt.de\/wp-content\/uploads\/2025\/07\/photo_2025-07-24_18-46-00-150x150.jpg 150w, https:\/\/www.tribuene-neustadt.de\/wp-content\/uploads\/2025\/07\/photo_2025-07-24_18-46-00-768x768.jpg 768w, https:\/\/www.tribuene-neustadt.de\/wp-content\/uploads\/2025\/07\/photo_2025-07-24_18-46-00.jpg 1280w\" sizes=\"(max-width: 650px) 100vw, 650px\" \/><\/p><p style=\"text-align: left;\">Demokratische Trib\u00fcne e.V.<br \/>Maximilianstra\u00dfe 5<br \/>67433 Neustadt a.d.W.<\/p><p><strong>E-Mail:<\/strong> verein(at)tribuene-neustadt.de<\/p><p><strong>Spendenkonto:<\/strong><br \/>BBBank<br \/>Kontoinhaber: Demokratische Trib\u00fcne e.V.<br \/>IBAN: DE63 6609 0800 0004 0360 50<\/p><p style=\"text-align: left;\">\u00a0<\/p>\t\t\t\t\t\t\t\t<\/div>\n\t\t\t\t<\/div>\n\t\t<div class=\"elementor-element elementor-element-b41834c e-con-full e-flex e-con e-child\" data-id=\"b41834c\" data-element_type=\"container\" data-e-type=\"container\">\n\t\t\t\t<div class=\"elementor-element elementor-element-c0d3185 elementor-grid-1 elementor-posts--align-left elementor-grid-tablet-2 elementor-grid-mobile-1 elementor-posts--thumbnail-top elementor-card-shadow-yes elementor-posts__hover-gradient elementor-widget elementor-widget-posts\" data-id=\"c0d3185\" data-element_type=\"widget\" data-e-type=\"widget\" data-settings=\"{&quot;cards_columns&quot;:&quot;1&quot;,&quot;cards_row_gap&quot;:{&quot;unit&quot;:&quot;px&quot;,&quot;size&quot;:9,&quot;sizes&quot;:[]},&quot;cards_columns_tablet&quot;:&quot;2&quot;,&quot;cards_columns_mobile&quot;:&quot;1&quot;,&quot;cards_row_gap_tablet&quot;:{&quot;unit&quot;:&quot;px&quot;,&quot;size&quot;:&quot;&quot;,&quot;sizes&quot;:[]},&quot;cards_row_gap_mobile&quot;:{&quot;unit&quot;:&quot;px&quot;,&quot;size&quot;:&quot;&quot;,&quot;sizes&quot;:[]}}\" data-widget_type=\"posts.cards\">\n\t\t\t\t<div class=\"elementor-widget-container\">\n\t\t\t\t\t\t\t<div class=\"elementor-posts-container elementor-posts elementor-posts--skin-cards elementor-grid\" role=\"list\">\n\t\t\t\t<article class=\"elementor-post elementor-grid-item post-716 post type-post status-publish format-standard has-post-thumbnail hentry category-veranstaltungen-in-der-tribuene-neustadt\" role=\"listitem\">\n\t\t\t<div class=\"elementor-post__card\">\n\t\t\t\t<a class=\"elementor-post__thumbnail__link\" href=\"https:\/\/www.tribuene-neustadt.de\/index.php\/2026\/05\/03\/716\/\" tabindex=\"-1\" ><div class=\"elementor-post__thumbnail\"><img decoding=\"async\" width=\"300\" height=\"215\" src=\"https:\/\/www.tribuene-neustadt.de\/wp-content\/uploads\/2026\/02\/Pinguin-Linux-Wechsel-300x215.jpg\" class=\"attachment-medium size-medium wp-image-717\" alt=\"\" srcset=\"https:\/\/www.tribuene-neustadt.de\/wp-content\/uploads\/2026\/02\/Pinguin-Linux-Wechsel-300x215.jpg 300w, https:\/\/www.tribuene-neustadt.de\/wp-content\/uploads\/2026\/02\/Pinguin-Linux-Wechsel-768x549.jpg 768w, https:\/\/www.tribuene-neustadt.de\/wp-content\/uploads\/2026\/02\/Pinguin-Linux-Wechsel.jpg 994w\" sizes=\"100vw\" \/><\/div><\/a>\n\t\t\t\t<div class=\"elementor-post__text\">\n\t\t\t\t<div class=\"elementor-post__excerpt\">\n\t\t\t<p>10.05.2025 &#8211; Linux Workshop Details folgen!<\/p>\n\t\t<\/div>\n\t\t\n\t\t<a class=\"elementor-post__read-more\" href=\"https:\/\/www.tribuene-neustadt.de\/index.php\/2026\/05\/03\/716\/\" aria-label=\"Mehr \u00fcber 10.05.2026 &#8211; Linux-Workshop\" tabindex=\"-1\" >\n\t\t\tWeiterlesen \u00bb\t\t<\/a>\n\n\t\t\t\t<\/div>\n\t\t\t\t\t<\/div>\n\t\t<\/article>\n\t\t\t\t<article class=\"elementor-post elementor-grid-item post-740 post type-post status-publish format-standard has-post-thumbnail hentry category-veranstaltungen-in-der-tribuene-neustadt\" role=\"listitem\">\n\t\t\t<div class=\"elementor-post__card\">\n\t\t\t\t<a class=\"elementor-post__thumbnail__link\" href=\"https:\/\/www.tribuene-neustadt.de\/index.php\/2026\/03\/18\/21-3-2026-vortrag-ueber-bitcoin\/\" tabindex=\"-1\" ><div class=\"elementor-post__thumbnail\"><img decoding=\"async\" width=\"300\" height=\"195\" src=\"https:\/\/www.tribuene-neustadt.de\/wp-content\/uploads\/2026\/02\/BitCoin-300x195.jpg\" class=\"attachment-medium size-medium wp-image-741\" alt=\"\" srcset=\"https:\/\/www.tribuene-neustadt.de\/wp-content\/uploads\/2026\/02\/BitCoin-300x195.jpg 300w, https:\/\/www.tribuene-neustadt.de\/wp-content\/uploads\/2026\/02\/BitCoin.jpg 479w\" sizes=\"100vw\" \/><\/div><\/a>\n\t\t\t\t<div class=\"elementor-post__text\">\n\t\t\t\t<div class=\"elementor-post__excerpt\">\n\t\t\t<p>21.03.2026 &#8211; Vortrag Bitcoin &#8212;&#8212;&#8212;&#8212;&gt; Was ist Bitcoin? \u2013 Verst\u00e4ndlicher Vortrag f\u00fcr Einsteiger \u00a0 \u00a0 \u00a0 \u00a0 \u00a0 \u00a0 \u00a0 \u00a0 \u00a0 \u00a0 \u00a0 \u00a0<\/p>\n\t\t<\/div>\n\t\t\n\t\t<a class=\"elementor-post__read-more\" href=\"https:\/\/www.tribuene-neustadt.de\/index.php\/2026\/03\/18\/21-3-2026-vortrag-ueber-bitcoin\/\" aria-label=\"Mehr \u00fcber 21.03.2026 \u2013 Vortrag BitCoin\" tabindex=\"-1\" >\n\t\t\tWeiterlesen \u00bb\t\t<\/a>\n\n\t\t\t\t<\/div>\n\t\t\t\t\t<\/div>\n\t\t<\/article>\n\t\t\t\t<article class=\"elementor-post elementor-grid-item post-811 post type-post status-publish format-standard has-post-thumbnail hentry category-uncategorized\" role=\"listitem\">\n\t\t\t<div class=\"elementor-post__card\">\n\t\t\t\t<a class=\"elementor-post__thumbnail__link\" href=\"https:\/\/www.tribuene-neustadt.de\/index.php\/2026\/03\/18\/elementor-811\/\" tabindex=\"-1\" ><div class=\"elementor-post__thumbnail\"><img loading=\"lazy\" decoding=\"async\" width=\"300\" height=\"177\" src=\"https:\/\/www.tribuene-neustadt.de\/wp-content\/uploads\/2026\/03\/Vorschau-300x177.png\" class=\"attachment-medium size-medium wp-image-812\" alt=\"\" srcset=\"https:\/\/www.tribuene-neustadt.de\/wp-content\/uploads\/2026\/03\/Vorschau-300x177.png 300w, https:\/\/www.tribuene-neustadt.de\/wp-content\/uploads\/2026\/03\/Vorschau.png 594w\" sizes=\"100vw\" \/><\/div><\/a>\n\t\t\t\t<div class=\"elementor-post__text\">\n\t\t\t\t<div class=\"elementor-post__excerpt\">\n\t\t\t<p>22.03.2006, 11 Uhr &#8211; Kommerz-Vortrag &#8212; &#8212;&#8211;&gt; mit Rainer, Teil 3<\/p>\n\t\t<\/div>\n\t\t\n\t\t<a class=\"elementor-post__read-more\" href=\"https:\/\/www.tribuene-neustadt.de\/index.php\/2026\/03\/18\/elementor-811\/\" aria-label=\"Mehr \u00fcber Elementor #811\" tabindex=\"-1\" >\n\t\t\tWeiterlesen \u00bb\t\t<\/a>\n\n\t\t\t\t<\/div>\n\t\t\t\t\t<\/div>\n\t\t<\/article>\n\t\t\t\t<article class=\"elementor-post elementor-grid-item post-421 post type-post status-publish format-standard has-post-thumbnail hentry category-veranstaltungen-in-der-tribuene-neustadt\" role=\"listitem\">\n\t\t\t<div class=\"elementor-post__card\">\n\t\t\t\t<a class=\"elementor-post__thumbnail__link\" href=\"https:\/\/www.tribuene-neustadt.de\/index.php\/2026\/03\/05\/15-03-2026-uap-vortrag\/\" tabindex=\"-1\" ><div class=\"elementor-post__thumbnail\"><img loading=\"lazy\" decoding=\"async\" width=\"300\" height=\"300\" src=\"https:\/\/www.tribuene-neustadt.de\/wp-content\/uploads\/2026\/01\/UFO-TV_Var02-300x300.jpg\" class=\"attachment-medium size-medium wp-image-428\" alt=\"\" srcset=\"https:\/\/www.tribuene-neustadt.de\/wp-content\/uploads\/2026\/01\/UFO-TV_Var02-e1769002338544.jpg 300w, https:\/\/www.tribuene-neustadt.de\/wp-content\/uploads\/2026\/01\/UFO-TV_Var02-1024x1024.jpg 1024w, https:\/\/www.tribuene-neustadt.de\/wp-content\/uploads\/2026\/01\/UFO-TV_Var02-150x150.jpg 150w, https:\/\/www.tribuene-neustadt.de\/wp-content\/uploads\/2026\/01\/UFO-TV_Var02-768x768.jpg 768w, https:\/\/www.tribuene-neustadt.de\/wp-content\/uploads\/2026\/01\/UFO-TV_Var02-1536x1536.jpg 1536w, https:\/\/www.tribuene-neustadt.de\/wp-content\/uploads\/2026\/01\/UFO-TV_Var02-100x100.jpg 100w\" sizes=\"100vw\" \/><\/div><\/a>\n\t\t\t\t<div class=\"elementor-post__text\">\n\t\t\t\t<div class=\"elementor-post__excerpt\">\n\t\t\t<p>15.03.2026 &#8211; UAP-Vortrag \u00fcber die bevorstehenden Offenlegungen&#8230; (von Harald Havas aus Wien) \u00a0 \u00a0 \u00a0\ud83d\udef8 Vortrag mit Zeit f\u00fcr Fragen, Snacks &amp; Diskussionen \ud83d\udc7d\u00a0 \u00a0<\/p>\n\t\t<\/div>\n\t\t\n\t\t<a class=\"elementor-post__read-more\" href=\"https:\/\/www.tribuene-neustadt.de\/index.php\/2026\/03\/05\/15-03-2026-uap-vortrag\/\" aria-label=\"Mehr \u00fcber 15.03.2026 &#8211; UAP-Vortrag\" tabindex=\"-1\" >\n\t\t\tWeiterlesen \u00bb\t\t<\/a>\n\n\t\t\t\t<\/div>\n\t\t\t\t\t<\/div>\n\t\t<\/article>\n\t\t\t\t<article class=\"elementor-post elementor-grid-item post-777 post type-post status-publish format-standard has-post-thumbnail hentry category-veranstaltungen-in-der-tribuene-neustadt\" role=\"listitem\">\n\t\t\t<div class=\"elementor-post__card\">\n\t\t\t\t<a class=\"elementor-post__thumbnail__link\" href=\"https:\/\/www.tribuene-neustadt.de\/index.php\/2026\/02\/17\/23-02-2026-tgi-vortrag-gold-gedecktes-tagesgeldkonto\/\" tabindex=\"-1\" ><div class=\"elementor-post__thumbnail\"><img loading=\"lazy\" decoding=\"async\" width=\"300\" height=\"273\" src=\"https:\/\/www.tribuene-neustadt.de\/wp-content\/uploads\/2026\/02\/TGI-Logo-300x273.png\" class=\"attachment-medium size-medium wp-image-778\" alt=\"\" srcset=\"https:\/\/www.tribuene-neustadt.de\/wp-content\/uploads\/2026\/02\/TGI-Logo-300x273.png 300w, https:\/\/www.tribuene-neustadt.de\/wp-content\/uploads\/2026\/02\/TGI-Logo.png 349w\" sizes=\"100vw\" \/><\/div><\/a>\n\t\t\t\t<div class=\"elementor-post__text\">\n\t\t\t\t<div class=\"elementor-post__excerpt\">\n\t\t\t<p>23.02. &amp; 23.03. &amp; 20.04. 2026 \u2013 TGI-Vortrag (Gold gedecktes Tagesgeldkonto) 19 Uhr \u00a0 HIER geht&#8217;s zur Anmeldung \ud83c\udfc1<\/p>\n\t\t<\/div>\n\t\t\n\t\t<a class=\"elementor-post__read-more\" href=\"https:\/\/www.tribuene-neustadt.de\/index.php\/2026\/02\/17\/23-02-2026-tgi-vortrag-gold-gedecktes-tagesgeldkonto\/\" aria-label=\"Mehr \u00fcber 23.02. &#038; 23.03.2026\u2013 TGI-Vortrag (Gold gedecktes Tagesgeldkonto)\" tabindex=\"-1\" >\n\t\t\tWeiterlesen \u00bb\t\t<\/a>\n\n\t\t\t\t<\/div>\n\t\t\t\t\t<\/div>\n\t\t<\/article>\n\t\t\t\t<article class=\"elementor-post elementor-grid-item post-546 post type-post status-publish format-standard has-post-thumbnail hentry category-veranstaltungen-in-der-tribuene-neustadt\" role=\"listitem\">\n\t\t\t<div class=\"elementor-post__card\">\n\t\t\t\t<a class=\"elementor-post__thumbnail__link\" href=\"https:\/\/www.tribuene-neustadt.de\/index.php\/2026\/01\/21\/elementor-396-2\/\" tabindex=\"-1\" ><div class=\"elementor-post__thumbnail\"><img loading=\"lazy\" decoding=\"async\" width=\"300\" height=\"178\" src=\"https:\/\/www.tribuene-neustadt.de\/wp-content\/uploads\/2026\/01\/Druschba-Team-ohne-Meta-300x178.jpg\" class=\"attachment-medium size-medium wp-image-615\" alt=\"\" srcset=\"https:\/\/www.tribuene-neustadt.de\/wp-content\/uploads\/2026\/01\/Druschba-Team-ohne-Meta-300x178.jpg 300w, https:\/\/www.tribuene-neustadt.de\/wp-content\/uploads\/2026\/01\/Druschba-Team-ohne-Meta-1024x606.jpg 1024w, https:\/\/www.tribuene-neustadt.de\/wp-content\/uploads\/2026\/01\/Druschba-Team-ohne-Meta-768x455.jpg 768w, https:\/\/www.tribuene-neustadt.de\/wp-content\/uploads\/2026\/01\/Druschba-Team-ohne-Meta.jpg 1280w\" sizes=\"100vw\" \/><\/div><\/a>\n\t\t\t\t<div class=\"elementor-post__text\">\n\t\t\t\t<div class=\"elementor-post__excerpt\">\n\t\t\t<p>28.02.2026 &#8211; Vortrag DRUSCHBA Freundschaftsfahrt 2025 Der Vortrag beginnt um 18 Uhr (Einlass ab 17 Uhr): 2 x 1 Stunde + Pause + Fragerunde &nbsp;&#8212;&#8212;-&gt;<\/p>\n\t\t<\/div>\n\t\t\n\t\t<a class=\"elementor-post__read-more\" href=\"https:\/\/www.tribuene-neustadt.de\/index.php\/2026\/01\/21\/elementor-396-2\/\" aria-label=\"Mehr \u00fcber Termin 28.02.2026 &#8211; Vortrag zur Freundschaftsfahrt 2025\" tabindex=\"-1\" >\n\t\t\tWeiterlesen \u00bb\t\t<\/a>\n\n\t\t\t\t<\/div>\n\t\t\t\t\t<\/div>\n\t\t<\/article>\n\t\t\t\t<\/div>\n\t\t\n\t\t\t\t\t\t<\/div>\n\t\t\t\t<\/div>\n\t\t\t\t<\/div>\n\t\t\t\t\t<\/div>\n\t\t\t\t<\/div>\n\t\t\t\t<\/div>\n\t\t","protected":false},"excerpt":{"rendered":"<p>Trib\u00fcne Neustadt Das Vereinsheim des eingetragen Vereins &#8222;Demokratische Trib\u00fcne e.V.&#8220; ist ein Veranstaltungsort der besonderen Art! Es ist ein uriger Weinkeller gebaut im Jahr 1832 mit frei tragendem Gew\u00f6lbe mitten in Neustadt an der Weinstra\u00dfe. Nachdem verschiedene Gastst\u00e4tten darin residiert hatten, stand der Keller mehrere Jahre leer, bis er von den Gr\u00fcndern unseres Vereins im &hellip; <\/p>\n<p class=\"link-more\"><a href=\"https:\/\/www.tribuene-neustadt.de\/index.php\/2026\/01\/21\/elementor-396-2\/\" class=\"more-link\"><span class=\"screen-reader-text\">\u201eTermin 28.02.2026 &#8211; Vortrag zur Freundschaftsfahrt 2025\u201c <\/span>weiterlesen<\/a><\/p>\n","protected":false},"author":1,"featured_media":0,"parent":0,"menu_order":0,"comment_status":"closed","ping_status":"closed","template":"","meta":{"footnotes":""},"class_list":["post-91","page","type-page","status-publish","hentry"],"_links":{"self":[{"href":"https:\/\/www.tribuene-neustadt.de\/index.php\/wp-json\/wp\/v2\/pages\/91","targetHints":{"allow":["GET"]}}],"collection":[{"href":"https:\/\/www.tribuene-neustadt.de\/index.php\/wp-json\/wp\/v2\/pages"}],"about":[{"href":"https:\/\/www.tribuene-neustadt.de\/index.php\/wp-json\/wp\/v2\/types\/page"}],"author":[{"embeddable":true,"href":"https:\/\/www.tribuene-neustadt.de\/index.php\/wp-json\/wp\/v2\/users\/1"}],"replies":[{"embeddable":true,"href":"https:\/\/www.tribuene-neustadt.de\/index.php\/wp-json\/wp\/v2\/comments?post=91"}],"version-history":[{"count":117,"href":"https:\/\/www.tribuene-neustadt.de\/index.php\/wp-json\/wp\/v2\/pages\/91\/revisions"}],"predecessor-version":[{"id":736,"href":"https:\/\/www.tribuene-neustadt.de\/index.php\/wp-json\/wp\/v2\/pages\/91\/revisions\/736"}],"wp:attachment":[{"href":"https:\/\/www.tribuene-neustadt.de\/index.php\/wp-json\/wp\/v2\/media?parent=91"}],"curies":[{"name":"wp","href":"https:\/\/api.w.org\/{rel}","templated":true}]}}